2)). What is the greatest common factor of 609 and r?
21
Suppose -41 = -2*q + 3*l, 2*l - 37 = 5*q - 112. Let y(h) = 70*h - 17. Let d be y(q). Calculate the greatest common divisor of 47 and d.
47
Let m be (273/21 - 63/15)*(-970)/(-4). What is the highest common divisor of 22 and m?
22
Let g(t) be the second derivative of t**3/2 + 38*t**2 - 2*t - 6. Let n be g(-23). Calculate the greatest common factor of 7 and n.
7
Let w be (1 - -2)/(8/(-104)*-1). Let p = 18 + w. What is the highest common divisor of 3 and p?
3
Suppose -3*w + 4 = -0*m + m, -3*m + 3*w = -48. Suppose m - 49 = 2*a. Let x = 3 - a. What is the highest common factor of x and 3?
3
Let m(d) = d**3 + 6*d**2 - 19*d - 78. Let w be m(-7). Calculate the greatest common factor of 1362 and w.
6
Let n = 33580 + -33544. What is the highest common factor of n and 978?
6
Suppose 0 = 7*a - 90 + 76. Suppose 4*v + 165 = 5*o, 0*o - 99 = -3*o - a*v. Calculate the greatest common divisor of 297 and o.
33
Let c(x) = 736*x**2 - 105*x + 105. Let i be c(1). Calculate the highest common divisor of i and 69.
23
Let l be 1*(-3)/8 + 26322/1968. Calculate the greatest common factor of l and 1261.
13
Let h be ((-36)/(-18) - 1)*(2 + 10609). What is the greatest common divisor of 81 and h?
81
Let p = 235 - 231. Let z be p + 1 - (17 + -45). What is the highest common factor of z and 22?
11
Let w(m) = -12*m + 14. Let x(j) = -j - 1. Let v(h) = -w(h) - 3*x(h). Let k be v(5). Let n = k + -54. Calculate the highest common divisor of 110 and n.
10
Let z(a) be the third derivative of a**6/60 - a**5/5 + 7*a**4/24 + 11*a**3/6 + 272*a**2. Let w be z(8). Calculate the greatest common factor of w and 19.
19
Let r(d) = -30*d - 4. Let w be r(-7). Let l = -152 + w. What is the greatest common divisor of l and 108?
54
Suppose -57 = -4*m - h, -5*m + 4*h + 0*h = -66. Suppose 3*v - 480 = v. Suppose 3*c - v = 138. Calculate the greatest common divisor of m and c.
14
Let p be 2/(-2)*2 - -296. Suppose 10*u + 3*f - 270 = 7*u, 3*f = u - 66. What is the greatest common factor of p and u?
42
Suppose 3*i = o - 64 - 106, 0 = 2*o - i - 325. What is the highest common divisor of o and 7?
7
Let v(u) = -3*u + 18. Let i be v(5). Suppose -k - 11 - 7 = -p, -3 = -i*k. What is the greatest common factor of p and 1?
1
Let t be ((-3296)/6 + -4)*(-42)/(-35). Let f = -430 - t. Calculate the highest common divisor of 54 and f.
18
Let x(t) = -t**2 + 20*t - 81. Let y be x(6). Suppose 0 = -y*l + d + 7 - 3, -3*l - 1 = 4*d. Calculate the highest common divisor of 1 and l.
1
Let o(h) = h**2 - 11*h + 16. Let c be o(7). Let q be 9/c*16/(-6). What is the greatest common divisor of q and 14?
2
Let g(s) = -9*s - 141. Let x(y) = -2*y**2 + 12*y - 31. Let q be x(5). Let t be g(q). What is the greatest common divisor of 18 and t?
6
Suppose -4*q + 58 = -2*c, -3*q + c + 29 = -12. Suppose q*y - 630 = -2*y. Suppose 0 = 5*d - 9*d + 36. Calculate the highest common divisor of y and d.
9
Suppose -z = -5*s + 14, 0 = 3*z + 6*s - 7*s. Suppose 0 = -5*o - 3*t + 38, -t - t = -4*o + 26. Calculate the highest common divisor of o and z.
1
Let f(i) = 278*i + 589. Let y be f(-2). What is the greatest common factor of 7359 and y?
33
Let u be 54/5*10/4. Let z(t) = 12*t + 8. Let x be z(0). Let v be ((-351)/(-52))/(3/x). What is the highest common divisor of v and u?
9
Let j = -2 - -9. Let u = -5140 + 5145. Suppose j*k = u*k + 6. What is the greatest common factor of k and 6?
3
Let y(u) = 15 + u**2 - 60 + 11 + 26 + 6*u. Let p be y(-9). Calculate the highest common divisor of 3 and p.
1
Let g be (-15)/(40/(-16) + 0). Suppose 5*u + 25 = 0, 2*z + 6 - 32 = 4*u. Let n be ((-15)/20 + z)*24. What is the highest common factor of g and n?
6
Let x(d) = 2*d**3 + 42*d**2 + 27*d - 259. Let z be x(-20). Let q = 2 - -1. Calculate the highest common factor of z and q.
1
Suppose 0 = -10*s - 2*s + 276. Let l be 1 + -1 + 181 - (-20 + s). Suppose k + j = -3*j + 98, 2*k - l = -2*j. Calculate the highest common divisor of k and 129.
43
Suppose -25*k + 13*k + 11130 = 23*k. Calculate the greatest common factor of k and 1378.
106
Suppose 185*o = 235*o - 90850. Calculate the greatest common factor of o and 23.
23
Suppose 48*z - 28 = 44*z. Let i(c) = -c**2 + 20*c + 9. Let k be i(20). Suppose -k*n + z*n = -52. What is the highest common factor of n and 65?
13
Let d = -56 - -61. Let q = d + -5. Suppose q = -2*a - 3*r + 39, a - 12 = 6*r - 5*r. What is the greatest common divisor of a and 135?
15
Let m(o) = -118*o + 4208. Let a be m(15). Calculate the highest common factor of 530 and a.
106
Let v be ((437/(-6))/(-23)*-4)/((-2)/6). What is the greatest common divisor of v and 10697?
19
Let v(i) be the second derivative of 9/2*i**2 - 1/4*i**4 - 1/2*i**3 - 3*i + 1/20*i**5 + 0. Let y be v(4). Calculate the highest common factor of 13 and y.
13
Let s = 14472 + -10873. Calculate the highest common divisor of s and 531.
59
Let d = 29 - -57. Let s = 29 - d. Let g = s - -97. What is the highest common factor of 10 and g?
10
Let m(l) = l**3 - 17*l**2 + 22*l - 94. Let q be (8/(-7))/((-41)/574). Let v be m(q). Suppose 0 = -4*k + k + 15. What is the greatest common divisor of v and k?
1
Let a be ((2 + 1)/3)/(-1). Let b = 4 + a. Let s(x) = -x**3 + 20*x**2 - 30*x - 102. Let w be s(18). What is the greatest common divisor of w and b?
3
Let i be -25*(-2)/4*2. Suppose 0*z = 3*z + b + 495, 3*b + 501 = -3*z. Let l = z - -169. What is the highest common factor of i and l?
5
Let t(z) = 5*z**3 + 7*z**2 + 5*z. Let n be t(-2). Let p = 5 - n. Suppose j + 5*g = -0*j + 29, 172 = 3*j - 2*g. What is the highest common divisor of p and j?
27
Let w(z) = -6*z + 18. Let y be w(2). Suppose -11*a = -y*a - 50. Suppose 0 = -a*g + 79 + 1671. Calculate the highest common factor of 25 and g.
25
Let t(l) = 3*l**2 + 4*l - 1. Let v be t(-3). Suppose 0 = 8*q + 12 + 4. Let s be (1/q - 1)*(-36 + 22). What is the highest common factor of v and s?
7
Let o(r) be the second derivative of 29*r**3/6 + 71*r**2/2 - 18*r + 3. Let c be o(-2). Calculate the highest common divisor of 104 and c.
13
Let g be ((-4)/(-26) + 120/65)/((-1)/(-20)). What is the highest common divisor of g and 210?
10
Let q = 8228 + -2852. What is the highest common factor of 12 and q?
12
Let i(n) = -n**2 - 12*n + 39. Let a be i(-14). Suppose -7 = 4*k - 27. Suppose -2*x = -y + 5*y - 652, k*x = -20. Calculate the highest common divisor of y and a.
11
Suppose -5*l - 4*u = -28114 - 9064, -14866 = -2*l + u. What is the highest common factor of 126 and l?
126
Let y be (-39)/(3*14/(-28)). What is the highest common divisor of y and 3497?
13
Let r(a) = -21*a + 363. Let n be r(15). Calculate the greatest common factor of n and 228.
12
Let i be 0 + ((-8)/(-12))/((-16)/(-120)). Let f be 6759/45 + (-1)/i. What is the greatest common factor of f and 6?
6
Let a = -514 - -518. Calculate the greatest common factor of 1492 and a.
4
Let n be -3 + 30/9 - 16/(-6). Let l be (2534/12)/7 + (-1)/6. Suppose -l = n*w - 84. What is the greatest common factor of w and 27?
9
Let b(v) = -v**3 + 15*v**2 + 160*v - 111. Let r be b(22). Calculate the greatest common divisor of 183 and r.
3
Suppose 0 = -4*x + 218 - 154. What is the highest common divisor of x and 23984?
16
Let j = 62 - 29. Let t(c) = -202*c - 3313. Let b be t(-17). What is the highest common factor of j and b?
11
Let v(m) = m**3 + m + 12. Let z be v(0). Let l be (12/42)/((-54)/(-21)) - (-1795)/45. Calculate the greatest common divisor of z and l.
4
Let r be 76/19 + (1956 - (5 + 1 - 3)). Calculate the greatest common divisor of 103 and r.
103
Let d(t) = 78 + 20 + 302*t - 296*t. Let l be d(7). What is the highest common divisor of 4 and l?
4
Suppose 2*v = -4*s + 5170, 105*s - 103*s + 5*v - 2605 = 0. Calculate the greatest common factor of s and 5.
5
Let f = -592 + 893. What is the greatest common factor of f and 3139?
43
Let o = 981 - 978. Suppose -o*g = -j - 3*j - 102, -5*j - 102 = -3*g. Suppose -6*p + p - 56 = -3*t, 5*p = -5. Calculate the greatest common factor of g and t.
17
Let o = 13 + -12. Let v(b) = 0 - 4*b**2 - 2*b - b**3 - 11 - 1 - 3*b**2. Let u be v(-7). Calculate the highest common factor of u and o.
1
Suppose 1 = 3*h + 16, 0 = -2*b + 4*h - 24. Let n be 48/(-2)*b/44. What is the greatest common divisor of n and 318?
6
Let f(n) = 2*n**2 + 5*n - 2. Let z = 6 